ultiple of 15?
False
Is 6 a factor of 17249?
False
Is 24 a factor of 18240?
True
Is 8 a factor of 1752?
True
Does 8 divide 55?
False
Is 13177 a multiple of 112?
False
Does 11 divide 9658?
True
Is 4 a factor of 137?
False
Is 1300 a multiple of 50?
True
Is 4240 a multiple of 53?
True
Does 12 divide 720?
True
Is 900 a multiple of 18?
True
Is 6 a factor of 156?
True
Is 43 a factor of 4730?
True
Is 12 a factor of 2916?
True
Is 6572 a multiple of 108?
False
Is 11550 a multiple of 110?
True
Is 53 a factor of 1044?
False
Is 31409 a multiple of 49?
True
Is 294 a multiple of 4?
False
Is 13071 a multiple of 67?
False
Does 65 divide 3055?
True
Is 174 a factor of 94063?
False
Is 20457 a multiple of 16?
False
Is 20687 a multiple of 137?
True
Is 13 a factor of 11466?
True
Does 39 divide 2730?
True
Does 11 divide 1045?
True
Is 144 a multiple of 18?
True
Is 79 a factor of 11139?
True
Is 255 a multiple of 17?
True
Does 61 divide 7167?
False
Does 29 divide 76204?
False
Does 15 divide 44355?
True
Is 65 a factor of 7591?
False
Does 36 divide 722?
False
Is 20 a factor of 1680?
True
Is 3120 a multiple of 60?
True
Is 39 a factor of 16341?
True
Is 52628 a multiple of 236?
True
Is 118 a factor of 11446?
True
Does 100 divide 94100?
True
Does 39 divide 351?
True
Is 67 a factor of 22623?
False
Is 41 a factor of 1334?
False
Is 156 a multiple of 3?
True
Is 84 a factor of 903?
False
Is 188 a multiple of 6?
False
Is 10 a factor of 2400?
True
Is 6 a factor of 37338?
True
Is 19 a factor of 4071?
False
Is 3598 a multiple of 17?
False
Is 11 a factor of 6754?
True
Is 7 a factor of 3276?
True
Is 62 a factor of 4130?
False
Is 9 a factor of 419?
False
Is 5 a factor of 3056?
False
Is 16 a factor of 416?
True
Is 28 a factor of 2187?
False
Is 3315 a multiple of 13?
True
Is 1900 a multiple of 28?
False
Does 14 divide 9436?
True
Does 285 divide 82857?
False
Is 2 a factor of 89?
False
Does 104 divide 1870?
False
Is 3 a factor of 1387?
False
Is 10 a factor of 4200?
True
Does 5 divide 750?
True
Does 109 divide 27795?
True
Is 14088 a multiple of 24?
True
Is 774 a multiple of 43?
True
Is 1026 a multiple of 17?
False
Is 456 a multiple of 12?
True
Is 62 a multiple of 20?
False
Does 55 divide 884?
False
Is 35 a factor of 3465?
True
Does 28 divide 12939?
False
Is 9359 a multiple of 113?
False
Is 212 a multiple of 12?
False
Does 35 divide 1353?
False
Is 18 a factor of 529?
False
Is 77 a multiple of 55?
False
Is 44 a multiple of 2?
True
Does 14 divide 84?
True
Does 77 divide 19438?
False
Does 5 divide 77?
False
Is 1728 a multiple of 24?
True
Is 122 a factor of 2318?
True
Is 62 a factor of 4960?
True
Does 77 divide 23331?
True
Is 225 a factor of 63225?
True
Is 1698 a multiple of 11?
False
Is 18264 a multiple of 158?
False
Is 28735 a multiple of 24?
False
Does 11 divide 770?
True
Is 15 a factor of 9771?
False
Is 13 a factor of 10230?
False
Is 1701 a multiple of 146?
False
Is 7 a factor of 84?
True
Is 5 a factor of 2535?
True
Is 69 a factor of 345?
True
Is 441 a multiple of 3?
True
Is 846 a multiple of 18?
True
Is 7 a factor of 360?
False
Is 7470 a multiple of 15?
True
Does 8 divide 3660?
False
Is 9 a factor of 99999?
True
Does 11 divide 38650?
False
Is 443 a multiple of 6?
False
Is 14 a factor of 17222?
False
Is 11 a factor of 5076?
False
Does 62 divide 620?
True
Does 13 divide 191?
False
Is 37860 a multiple of 16?
False
Is 72000 a multiple of 20?
True
Does 7 divide 1113?
True
Is 2315 a multiple of 3?
False
Does 46 divide 14727?
False
Does 238 divide 97820?
False
Is 6 a factor of 9936?
True
Does 17 divide 68?
True
Is 124 a factor of 4736?
False
Is 693 a multiple of 4?
False
Is 51 a factor of 914?
False
Is 3 a factor of 15041?
False
Is 15 a factor of 3945?
True
Is 6820 a multiple of 22?
True
Is 156 a multiple of 4?
True
Does 10 divide 390?
True
Is 16 a factor of 891?
False
Is 4400 a multiple of 16?
True
Is 4553 a multiple of 25?
False
Does 12 divide 10248?
True
Does 9 divide 585?
True
Is 2 a factor of 355?
False
Is 5538 a multiple of 78?
True
Does 14 divide 12152?
True
Does 49 divide 2118?
False
Does 107 divide 535?
True
Does 32 divide 704?
True
Is 417 a multiple of 21?
False
Is 58 a factor of 1102?
True
Does 3 divide 50?
False
Is 4160 a multiple of 32?
True
Does 35 divide 11200?
True
Does 3 divide 33?
True
Is 8 a factor of 1100?
False
Is 22350 a multiple of 128?
False
Is 4 a factor of 765?
False
Is 11 a factor of 715?
True
Is 648 a multiple of 12?
True
Is 31417 a multiple of 284?
False
Is 2083 a multiple of 5?
False
Does 95 divide 2364?
False
Does 53 divide 911?
False
Is 2900 a multiple of 116?
True
Does 80 divide 560?
True
Is 12 a factor of 187?
False
Is 1440 a multiple of 13?
False
Is 14 a factor of 30226?
True
Does 86 divide 2344?
False
Is 7 a factor of 1806?
True
Does 18 divide 1530?
True
Does 198 divide 64558?
False
Is 11 a factor of 5676?
True
Is 1939 a multiple of 43?
False
Is 48 a multiple of 24?
True
Does 51 divide 612?
True
Is 75575 a multiple of 107?
False
Is 2696 a multiple of 14?
False
Is 10752 a multiple of 32?
True
Does 11 divide 110?
True
Does 100 divide 46600?
True
Does 56 divide 6048?
True
Does 17 divide 1308?
False
Is 170 a factor of 14790?
True
Is 1568 a multiple of 12?
False
Is 2883 a multiple of 15?
False
Is 182 a multiple of 10?
False
Does 83 divide 12428?
False
Is 8368 a multiple of 29?
False
Does 365 divide 113515?
True
Does 28 divide 15926?
False
Is 15118 a multiple of 112?
False
Does 12 divide 150?
False
Is 1948 a multiple of 26?
False
Is 32 a factor of 24448?
True
Is 47 a factor of 644?
False
Does 32 divide 38?
False
Is 54964 a multiple of 302?
True
Is 26 a factor of 1014?
True
Is 2 a factor of 1217?
False
Is 8985 a multiple of 13?
False
Is 10948 a multiple of 46?
True
Does 14 divide 5320?
True
Is 992 a multiple of 30?
False
Is 33014 a multiple of 17?
True
Is 59 a factor of 2030?
False
Does 21 divide 1050?
True
Is 31 a factor of 38130?
True
Is 5 a factor of 192?
False
Is 21 a factor of 15288?
True
Is 250 a factor of 86223?
False
Is 321 a factor of 73509?
True
Does 33 divide 15156?
False
Does 9 divide 6254?
False
Is 7 a factor of 11515?
True
Is 61665 a multiple of 12?
False
Is 2850 a multiple of 95?
True
Is 10200 a multiple of 32?
False
Is 290 a factor of 72210?
True
Does 46 divide 3588?
True
Is 11712 a multiple of 12?
True
Is 7323 a multiple of 5?
False
Is 59 a factor of 5782?
True
Is 63 a factor of 3496?
False
Does 47 divide 280?
False
Is 3 a factor of 540?
True
Is 1246 a multiple of 14?
True
Is 24414 a multiple of 78?
True
Is 76 a factor of 25721?
False
Is 2 a factor of 13257?
False
Does 11 divide 604?
False
Is 79 a factor of 2015?
False
Does 25 divide 6331?
False
Does 8 divide 38?
False
Is 221 a multiple of 13?
True
Is 19 a multiple of 2?
False
Is 1066 a multiple of 2?
True
Is 14 a factor of 1778?
True
Does 283 divide 88013?
True
Is 30 a factor of 10950?
True
Is 255 a multiple of 8?
False
Does 121 divide 55902?
True
Is 6 a factor of 2923?
False
Is 16 a factor of 80?
True
Is 61 a factor of 2374?
False
Does 98 divide 7277?
False
Is 19 a factor of 1596?
True
Is 19376 a multiple of 112?
True
Does 29 divide 15457?
True
Does 26 divide 1171?
False
Does 11 divide 8580?
True
Is 13 a factor of 1443?
True
Is 326 a multiple of 3?
False
Is 33 a multiple of 3?
True
Is 258 a factor of 1836?
False
Does 3 divide 1249?
False
Is 3 a factor of 3517?
False
Does 18 divide 990?
True
Does 23 divide 181102?
True
Is 3 a factor of 909?
True
Is 630 a multiple of 105?
True
Does 51 divide 5763?
True
Is 29842 a multiple of 86?
True
Is 500 a multiple of 11?
False
Is 117 a factor of 5733?
True
Does 2 divide 504?
True
Does 67 divide 402?
True
Is 14 a factor of 48728?
False
Is 19 a factor of 922?
False
Is 40 a factor of 2026?
False
Is 10 a factor of 24950?
True
Does 20 divide 8680?
True
Does 4 divide 100?
True
Does 43 divide 51600?
True
Does 12 divide 31681?
False
Does 16 divide 12240?
True
Does 38 divide 8968?
True
Is 10 a factor of 3675?
False
Does 29 divide 2546?
False
Is 252 a multiple of 18?
True
Does 2 divide 1190?
True
Does 71 divide 11076?
True
Does 18 divide 513?
False
Does 4 divide 6097?
False
Is 484 a multiple of 11?
True
Is 4 a factor of 21?
False
Does 67 divide 124799?
False
Does 9 divide 209?
False
Is 175 a factor of 2275?
True
Is 684 a multiple of 19?
True
Is 956 a multiple of 39?
Fals